lse
Let k be (-188)/(-16) - (-6)/(-8). Suppose -k*h - 1406 = -13*h. Is h prime?
False
Let p be ((-14)/(-8))/((-7)/(-140)). Is (-28)/p - (-3148)/10 prime?
False
Let s = 166992 + -110383. Is s a composite number?
True
Let s(k) = -92*k**3 + 3*k**2 + 5*k + 4. Let x = 12 + -14. Let r be s(x). Suppose -9*d + r = -2*d. Is d composite?
True
Let l(g) = 8*g**2 + 9*g - 17. Let c be 5/3 + -4 + (-65)/(-15). Is l(c) a prime number?
False
Suppose 3*t + 319 + 183 = a, -t + 969 = 2*a. Is a a prime number?
True
Suppose 3*g + 10267 = h, 0*h + h - 4*g - 10263 = 0. Is h prime?
False
Suppose 80157 = -5*s + 26*s. Is s composite?
True
Let o be -1 + (6/(-2) - -3). Let x be (1/(o/6))/1. Let f = 155 + x. Is f a composite number?
False
Suppose 2*a + 5*s = -9, 8*a = 4*a + 2*s + 18. Suppose k + 2945 + 1592 = 4*t, 3393 = a*t - 4*k. Is t a composite number?
True
Let m = -18067 - -31328. Is m a prime number?
False
Let l(x) = 291*x - 347. Is l(6) a prime number?
True
Let b be (2888/6)/(-4 + (-55)/(-15)). Let x = b + 2358. Is x a composite number?
True
Suppose -2*w + 9 = 19. Let n(x) = -24*x**3 - 3*x**2 + 2*x - 22. Is n(w) prime?
False
Suppose 0 = -z + 1 + 4. Let d(a) = -a**2 + 5*a. Let k be d(z). Suppose k = -5*v + 5*s + 390, v = 5*v - 3*s - 311. Is v prime?
False
Let q = 9291 + -6550. Is q composite?
False
Suppose -61679 + 1854 = -25*x. Is x a prime number?
True
Let x(d) = -4*d**3 + 11*d**2 - 31*d. Let g(t) = 3*t**3 - 7*t**2 + 21*t. Let n(p) = -7*g(p) - 5*x(p). Let b be n(-7). Is (397/(-2))/(b/14) composite?
False
Suppose -3*a + 2*v + 556 = 0, 3*v = 4*a + 4*v - 745. Let w = a - -67. Is w composite?
True
Let b = -398 - -1303. Is b a composite number?
True
Is (-10068)/(-9)*36/24 prime?
False
Suppose 0 = -5*c + 99 - 24. Let x = 16 - c. Let u(f) = 2*f**2 + 2*f - 1. Is u(x) a prime number?
True
Is (2 - -1)*(-1)/(-3) + 313 a prime number?
False
Suppose -o + 5*g = -56682, -7*o = -6*o + g - 56700. Is o a composite number?
True
Suppose 0 = -y + 5*r + 902, 5*r + 55 - 40 = 0. Is y prime?
True
Suppose n + 5*z = 1187 + 2067, 9810 = 3*n - z. Is n a composite number?
True
Let u(k) = -k**3 + 4*k**2 - 3*k. Let f be u(3). Suppose y + j - 432 = f, 162 - 604 = -y + j. Is y a prime number?
False
Let z = 16 + -16. Suppose 0 = -i + 6*i - 10. Suppose 0 = v + 2, -v + 368 = i*x - z*v. Is x prime?
False
Let z(s) = -4*s**3 + 6*s**2 - 22*s - 51. Is z(-13) a composite number?
False
Suppose -12 = -3*w, -5*w - 52082 - 2405 = -3*j. Is j a prime number?
True
Suppose -4*l = -5*u + 19415, l = -u + 1329 + 2554. Is u a composite number?
True
Let u = 8 - 17. Let i = -1042 - -1066. Let q = u + i. Is q composite?
True
Suppose 17 + 1 = j. Is 5871/j - 3/18 composite?
True
Suppose -f - 2*i = -4, 19 = -f - f + 5*i. Let r be 126 + f - 0 - -2. Let u = -67 + r. Is u a composite number?
False
Let h = -32 - -32. Suppose h = -2*j - 3*t + 2*t + 183, -5*j + t + 475 = 0. Is j a prime number?
False
Let l = 1074 + -673. Is l composite?
False
Let f = -28 + 30. Is (-613)/(f/(-42)*3) prime?
False
Let c = 3279 - 2312. Is c a prime number?
True
Suppose -4*m = -8*m + 74108. Is m composite?
True
Suppose 4*x - 2*v = 3*v + 2432, 0 = -3*x - 5*v + 1789. Let q = 0 - -2. Suppose -5*f = -q*f - x. Is f composite?
True
Let j(h) = -h**3 - 2*h**2 - 4*h - 2. Let k be j(-2). Suppose -11*f = -k*f - 1970. Is f prime?
False
Let m be (1 + -3 - -2) + 6. Let n = m - 1. Suppose -1056 = -n*w - 131. Is w a composite number?
True
Let w = 7395 - 4054. Is w a prime number?
False
Let i(t) = -t - 1. Let c be i(-4). Let y = -3 - -5. Is 3/y*26/c prime?
True
Let z = -30 + 501. Suppose d - 149 = -5*l, -d = 3*d - 5*l - z. Let b = 15 + d. Is b a composite number?
False
Let k be (10/6)/((-4)/(-12)). Suppose k*y - 4 = 3*y. Suppose 825 - 2599 = -y*l. Is l a composite number?
False
Suppose 0 = -0*u - 4*u + 10276. Is u a prime number?
False
Suppose -6*l + 1751 = -817. Suppose -l = -2*o - 5*z - 105, -476 = -3*o + z. Is o a prime number?
False
Let l be (0 - 10870)/(-5)*2. Let q = -2266 + l. Suppose -4*a + q = 4*j - 2*j, -3*j - 3*a = -3135. Is j a composite number?
False
Let h(r) be the second derivative of -1/10*r**5 + 7*r + 1/6*r**3 - 13/2*r**2 + 0 - 13/12*r**4. Is h(-10) prime?
True
Let r(a) = 199*a - 4. Let c be r(3). Let j be 0 - (1 + (4 - 988)). Suppose 77 + c = 2*i + 3*s, 3*i = s + j. Is i a composite number?
True
Let j = 13018 - 2859. Is j a prime number?
True
Let i(q) = -133*q - 5. Let r be i(-2). Let g = r - 1220. Let u = -513 - g. Is u composite?
True
Is 74606/16 - (2 + 85/(-40)) a prime number?
True
Let h(o) = 4*o + 1. Let q be h(-2). Let t(d) = 10 - 2*d**3 + 2*d**2 + 7*d + 3*d**3 + 6*d**2. Is t(q) a composite number?
True
Let r = 1 - 0. Let a(t) = t - 1 + 16*t**2 + 9*t**2 + 168*t**3 - 33*t**2 + 9*t**2. Is a(r) prime?
False
Is 7259 + (-5 - 1) - 8/2 a composite number?
True
Let a = -46 + 2011. Let x = -1294 + a. Is x a prime number?
False
Let v be 2/(-5) - (-27)/5. Suppose -2*l + 11 = v*k, l = -2*k - 0 + 8. Let t = l + 91. Is t prime?
True
Let l(h) = h - 1. Let p(o) = o. Let i(m) = -2*l(m) + 3*p(m). Let k be i(-2). Suppose -5*v + 160 + 235 = k. Is v prime?
True
Is ((-15785)/44 + -1)/((-2)/24) a composite number?
True
Is 28/4 - (-2160594)/27 composite?
True
Suppose 0 = -w - w + 4*r + 6686, -5*r = w - 3378. Is w a composite number?
True
Let x = -817 + 1698. Suppose -n + 865 = -p, -4*p = -n - 7*p + x. Is n composite?
True
Suppose 0 = 4*h - 3*f - 1096, 0*h + 5*f - 1064 = -4*h. Let i = h - 68. Is i a composite number?
True
Suppose 4*f - 712 = -m, -3 = -m + 1. Let j = f - 36. Is j composite?
True
Let x(w) = -w**2 - 7*w + 2. Let z be x(5). Is (-63)/(-6)*z*(-5)/15 composite?
True
Let t be 6/((-2)/(-4) + 1). Suppose 31*g = 14935 - 3186. Suppose -g = -t*y + 369. Is y a composite number?
True
Let r(i) = 6662*i**2 - 5*i + 8. Is r(3) prime?
True
Let l = 508 - -57. Is l composite?
True
Let f = 8004 - 4433. Is f prime?
True
Let x(g) = 847 + 3*g**2 + 3*g + 934 - 2*g**2 - 6*g. Is x(0) a prime number?
False
Suppose -2*q = 4, -4*d + 6*d + 10350 = 3*q. Let n = -3643 - d. Is n prime?
False
Let r = -20590 + 45122. Is -2*(r/(-8) + 1) a prime number?
True
Let c(f) = 272*f**3 + f**2 - 1. Let g be c(1). Let s = 230 + g. Is s prime?
False
Let v = 4296 + -2633. Is v prime?
True
Let f(t) = -t**2 - 10*t + 9. Let a be f(-19). Let m = a - -501. Is m prime?
False
Suppose 0 = -11*q + 6*q - 10. Is (2*1)/(q/(-35)) a composite number?
True
Let t = -14 - -11. Let m(u) = -11*u**2 + 3*u + 3. Let g be m(t). Let k = -70 - g. Is k a prime number?
False
Let q be (-193)/((-4 - -6)/(-2)). Let c = q + -137. Let s = c - 19. Is s composite?
False
Is (-272825)/(-21) - 2/(-21)*-7 prime?
False
Is (-1)/(-1)*(-15)/20*-2084 a prime number?
False
Suppose 10 + 2 = g + 2*t, -2*g = -4*t + 16. Suppose -313 = g*c - 1019. Is c a prime number?
True
Suppose -3*b + 9525 = 2*b. Suppose -4*c + b = c. Suppose -2*d = d - c. Is d a prime number?
True
Suppose -648 = 2*c - 4*c. Suppose -2*t + 98 + c = 0. Is t a composite number?
False
Suppose -4*p = 0, -31*p + 35*p = -3*z + 391377. Is z composite?
True
Let y(v) = 2*v**3 - 13*v**2 - 6*v + 6. Let w be y(7). Let t = w - 28. Is (59/5)/((-3)/t) a prime number?
True
Let f(i) = 2*i**2 - 44*i - 215. Is f(-5) prime?
False
Suppose 0 = 2*w - 0*w + 4. Let t be 3/w + (-117)/(-18). Suppose -t*a = 3*h + h - 96, 5*h + 4*a - 111 = 0. Is h a composite number?
False
Let v(o) = 10*o - 61. Let d(u) = -u + 1. Let h(m) = 5*d(m) + v(m). Is h(23) prime?
True
Let y(m) = -232*m + 51. Is y(-4) prime?
False
Let w(u) = -30*u**2 + 11*u + 9. Let c = 27 - 16. Let r(d) = -59*d**2 + 21*d + 19. Let q(i) = c*w(i) - 6*r(i). Is q(8) composite?
False
Let a = -357 - -135. Let l = 1019 + a. Is l a prime number?
True
Is (2 - (-8 + 6)) + 109009 a prime number?
True
Let r(g) = g**3 + 3*g**2 - 7*g - 2. Is r(7) a composite number?
False
Let h(j) be the first derivative of j**3/3 + 2*j**2 + 629*j + 8. Is h(0) a composite number?
True
Let i(n) = -2 + 11 + 221*n + 5. Is i(7) composite?
True
Suppose 29*t - 223813 = -8*t. Is t a composite number?
True
Suppose -17876 = -4*r - i + 5*i, 4*r - 17871 = 5*i. Is r a composite number?
True
Let k(m) = -3 - 2*m + 2*m + 2*m - 3. Suppose w = l + 4, -2*l = 5*w - 0*l - 20. Is k(w) a composite number?
False
Suppose -4*l - 3 - 1 = 0, 5*l = 3*n - 41. Suppose -1295 = -n*p + 7*p. Is p composite?
True
L